. Calculate o(h).
3
Let s(q) = -q + 1. Let h(t) = 6 + 0*t - 2*t + t - t. Let o(r) = -h(r) + s(r). Let a(j) = -2*j - 7. Let v be a(-5). Calculate o(v).
-2
Let l(b) = 2*b**3 + 2*b**2 - b + 1. Let g be 5/2*(3 + -1). Let r(h) = -h**3 + 8*h**2 - 8*h. Let j be r(7). Let q = j + g. What is l(q)?
-5
Let o(n) = -3*n**2 + n + 4*n**3 - 2*n**3 + 3 - 2. Let c be o(2). Let w(t) = -1 + t**2 - 1 + 3 + c*t + 5. Calculate w(-6).
0
Suppose 4*g = g + 9. Suppose 0 = a - g*a. Let o(c) = c + 3. What is o(a)?
3
Let a be (-35)/(-21)*(3 + 0). Suppose j - 1 = 4*w + 2, 4*w + 33 = -a*j. Let z(h) = h**3 + 4*h**2 - 5*h - 3. Determine z(j).
-3
Let a = 64 - 63. Let t(n) = 11*n**3 - n + 1. Give t(a).
11
Let a = -2 - -3. Suppose 0*h + 2 = -i - h, -h = a. Let g = i - 4. Let l(b) = b. Give l(g).
-5
Let q be -1 - (-3 + 3 + -2). Let f(z) = q - 3 + 1 + z. Let o = -120 - -121. Calculate f(o).
0
Let r(m) = -m**3 - 2*m**2 + m + 1. Let y = 3 - 6. Suppose 4 = -4*p - 4. Let q = y - p. Give r(q).
-1
Let x(c) = -c**3 + c**2 - c. Let v be x(1). Let l be ((-1)/4)/(v/44). Suppose 5*z - 3*o + l = 3*z, 3 = 3*z + 2*o. Let h(d) = 6*d**2 - d. Give h(z).
7
Let h(n) be the first derivative of n**5/30 - n**4/8 - 2*n**3/3 + 2. Let b(m) be the third derivative of h(m). What is b(3)?
9
Let g(a) = 6*a + 1. Let v be g(2). Let q = 19 - 4. Suppose 2*t - 2*b - v = -3*t, 4*b + q = -t. Let p(i) = 6*i - 1. Determine p(t).
5
Let n(w) = -8*w**3 + w**2 - 1. Suppose 0 = 7*x - 5*x - 2. Calculate n(x).
-8
Suppose b + 10 = 2*b + 3*a, -b + 18 = -a. Suppose 2*q - b = -4. Let u(m) = 0*m + 5*m + q - 4*m. Give u(0).
6
Let q be (48/(-40))/(3/(-10)). Let t(z) = -4*z**3 - 16*z**2 - 8*z - 3. Let h(l) = 3*l**3 + 11*l**2 + 5*l + 2. Let p(y) = 7*h(y) + 5*t(y). What is p(q)?
-5
Suppose 0*h - 5*m - 25 = h, m = -3*h - 19. Let c(u) = u**3 + 6*u**2 + 6*u - 7. Give c(h).
-12
Let z(o) = -o**2 - 8*o - 7. Let l be 1*1/2*6. Let q be l + (0 - 2) - -6. Suppose q - 2 = -y. Calculate z(y).
8
Let j(x) = x**2 - 7*x + 7. Suppose 0 = -5*f + 15*f - 60. Calculate j(f).
1
Let g(z) = -z + 3. Let i be g(4). Suppose -2*k = -3*y + 18, 30 = -0*y + 5*y + 5*k. Let r(x) = -6 + y - x - x**2. Give r(i).
0
Let i be 42/(-9) - (-2)/3. Let l(t) = -t + 2. Give l(i).
6
Let h(k) = 4*k**3 + k**2. Let d be h(1). Let b(g) be the third derivative of -g**6/120 + g**5/15 + 5*g**4/24 - g**3 - 4*g**2. Give b(d).
-6
Let s(f) be the third derivative of f**6/120 + 2*f**5/15 + 5*f**4/12 + f**3 - 2*f**2 + 31. Determine s(-6).
18
Let p(r) = -5 - r + 1 - 2. Let w(m) = 2*m - 5. Let v be w(0). Calculate p(v).
-1
Let g(o) = 2*o + 4 - o - o + 3*o. What is g(-3)?
-5
Let v(s) = -s**3 - 8*s**2 - 6*s + 6. Suppose 5*t + 49 = -2*t. What is v(t)?
-1
Let g(s) = s - 6. Suppose 3*m + 0*h - 43 = -4*h, -h - 41 = -5*m. Determine g(m).
3
Let a(s) = 15*s**2 + 5*s - 13. Let p(q) = 7*q**2 + 2*q - 6. Let z(r) = 6*a(r) - 13*p(r). Calculate z(2).
4
Let t(c) = -c**2 - 2*c + 79. Let j be t(-10). Let k(y) = 0*y + y**2 + 12*y**3 + y + 4 - 3. Calculate k(j).
-11
Let d(r) = 5*r**2 + r - 1. Let o(s) = s + 6. Let q be o(-6). Suppose -3*x - 9 = -q. Let t be ((-1)/(-2))/(x/(-6)). What is d(t)?
5
Suppose -3*t + 0*m - 27 = m, 2*m = -6. Let j be 18*(t/3 + 3). Let c(v) = v**2 - 5*v - 6. Calculate c(j).
0
Let s(y) = -y + 1. Let u(z) = 18*z - 15. Let m(i) = -15*s(i) - u(i). Calculate m(3).
-9
Let d(o) = 5*o + 5. Let n be d(-2). Let s(x) = -x - 7. What is s(n)?
-2
Let z(k) = k - 2. Let w = 5 - 3. Let i be w/(1 - (-3)/(-9)). Suppose 5 = -4*g - i. Determine z(g).
-4
Let a(i) = -5*i**2 + 4 + i**3 + 2 - 2*i**3 + 2*i. Let j = -6 - -1. What is a(j)?
-4
Let i(t) = -t**2 - t - 1. Let n(f) = -f + 3. Let m be n(6). What is i(m)?
-7
Suppose -2*o + 3 = o. Let k = 1 - o. Let s(i) = -3*i - 3 + 0*i + 4*i. Determine s(k).
-3
Let p(v) = v - 4. Let a(t) = t**3 + t + 2. Let u be a(2). Suppose -2*f - f = -u. Let y be 0/(-1*f/(-2)). What is p(y)?
-4
Let a(o) = -o**2 + 1. Let p(b) = b**3 - 2*b + 1. Let d(f) = -a(f) + p(f). Determine d(-2).
0
Suppose 0 = 4*t - t. Let m(j) = -j - 3. Let l be m(t). Let f be 2*3/(-6) - l. Let b(x) = x**2 - 3*x + 2. Calculate b(f).
0
Let c(d) be the first derivative of d**2/2 + 3*d + 24. Determine c(-7).
-4
Let q be ((-2)/5)/((-2)/10). Let k(g) = -3*g**2 + g**2 + 0*g**q + 1. Give k(-1).
-1
Let y(f) = -5*f**3 - f**2 + 8*f + 8. Let q(k) = 9*k**3 + k**2 - 15*k - 15. Let m(d) = -6*q(d) - 11*y(d). Give m(-5).
-8
Let z(u) = 3*u**2 - u. Suppose 2*h + 2*a = 8, 5*a - 12 + 2 = 0. What is z(h)?
10
Let b = 13 + -10. Suppose b*s - 2*s = -6. Let r(l) be the third derivative of -l**4/24 - 11*l**3/6 + l**2. Calculate r(s).
-5
Suppose -3*n + 0*n + 13 = -4*a, n - 17 = -5*a. Suppose 3*k + n*r - 2*r + 43 = 0, 0 = -2*k - 5*r - 37. Let d(j) = -j**2 - 7*j. Give d(k).
6
Suppose 2*h = -2*v + 6, 2*v - 3*h - 5 = -2*v. Let n(o) = 2 - o**v - 2 + 1 - 5*o - 4. What is n(-6)?
-9
Let g be 2 - 2*(-3)/6. Suppose 5*w = 2*w - g. Let u(i) = 12*i**3 - 4*i - 9. Let h(y) = -6*y**3 + 2*y + 5. Let r(l) = 7*h(l) + 4*u(l). Determine r(w).
-5
Let u(k) = -k**2 - k - 4. Let i = -2 - -4. Suppose -i*n = -7*n. Calculate u(n).
-4
Suppose 3*x - 4*x = -1. Let r(q) be the first derivative of -5*q**4/4 + q**3/3 - q**2/2 - 5. Calculate r(x).
-5
Suppose 8*q = -21 - 3. Let i(z) be the second derivative of -z + 1/2*z**3 + 1/6*z**4 - 2*z**2 + 0. Give i(q).
5
Suppose -6*q + 5*q - 1 = 0. Let l = q + -2. Let c(j) = 3*j + 0*j**3 + 0*j - j**3 - 4*j**2 + 2*j**2 + 3. Calculate c(l).
3
Let d = 20 - 18. Suppose -d*g = -4*h - h, -h = 2. Let m(x) be the second derivative of -x**4/12 - x**3/2 + 7*x**2/2 - x. Calculate m(g).
-3
Let g(s) = -3*s**3 - 2*s**2 - 2*s - 1. Suppose -4*y + 15 = 5*n - 15, 0 = 3*n - y - 1. Suppose -2*k + 0*k = n. Calculate g(k).
2
Let p = 5 + -1. Let g = 15 - 9. Let f(z) = 0 + z - 4*z + g. What is f(p)?
-6
Let m(t) = -2*t**3 + 3*t**2 - 3*t + 4. Let n be m(2). Let b(o) = -o**3 - 5*o**2 + 5*o + 4. What is b(n)?
10
Let f(s) = -s**3 - 50 + 3*s**2 + 50. Determine f(3).
0
Let i(k) = 1 - 1 - 2 + 1 - 4*k + k**3 + 3*k**2. What is i(-3)?
11
Suppose k + 5*g + 14 = 0, -4*g = 5*k - 2 + 9. Let o(y) = 13*y**2 + y. Give o(k).
14
Let m = 8 + -6. Let t(k) be the second derivative of k**3/2 + k**2/2 + k. Calculate t(m).
7
Let p = 3 + 3. Suppose m - 5 - 1 = 0. Let z(d) = 1 + 6*d**3 - 7*d - 6*d**3 + d**2 + d**3 - m*d**2. Give z(p).
-5
Let r(q) = -q**3 + 6*q**2 + 2*q - 2. Suppose 2*j = 4*j - g - 21, 2*j - 12 = -2*g. Suppose j = -5*f + s + 44, -s + 25 = 5*f. Determine r(f).
10
Suppose -4 - 8 = 3*n. Let l(z) = -2*z**2 - 6*z - 1. What is l(n)?
-9
Let u(o) = o**2 - 3*o + 2. Suppose -10 = -2*i + 26. Suppose 9*l - 6*l = i. Suppose 0 = 4*z - l - 2. Determine u(z).
0
Let y be 10/35 - 46/14. Let x = 4 + y. Let p(r) = -1 + r + 2 + x + 5. What is p(-5)?
2
Let r = -5 - -8. Let x(l) = 3 + l - l**r + 2*l**2 + 2 - 3. Give x(2).
4
Let m(s) be the first derivative of -s**3 - 3*s**2/2 - 5. What is m(-2)?
-6
Let s(g) = -2*g + g - 5 + 3. Let b(u) = -u**2 - 10*u - 6. Let m be b(-9). Let k be (-1)/m - (-1)/3. Calculate s(k).
-2
Let r be 3/(-9) - ((-64)/12)/4. Let q(a) = 4*a**2 + 2*a - 1. Calculate q(r).
5
Let i(r) = r**3 + 10*r**2 - 11*r + 3. Let y(c) = c**3 - 13*c**2 - 29*c - 26. Let x be y(15). Calculate i(x).
3
Let i(a) = a - 1. Let q be (11/(-4))/((-2)/(-8)). Let u = -31 - -24. Let h = q - u. Calculate i(h).
-5
Suppose -22*c + 25*c = 18. Suppose -q - 18 = 4*o, 2*q - 3*o - 23 = -2*q. Let f = q - c. Let k(n) = -n**2 - 7*n - 6. What is k(f)?
6
Let u = 14 - 8. Let d(z) = -z**2 + 7*z + 1. Give d(u).
7
Suppose -43*x = -42*x - 4. Let v(p) = -p**2 + 5*p. Let a(m) = -3*m**2 + 16*m - 1. Let r(y) = 2*a(y) - 7*v(y). Give r(x).
2
Let b(l) = 4*l - 3 - l + 4*l - l**3 + 4*l**2. Let j(y) = -2*y - 13. Let d(i) = 2*i + 13. Let f(g) = 3*d(g) + 4*j(g). Let r be f(-9). Give b(r).
7
Suppose -4*i = -6*i + 4. Let j(h) = -3*h**2 + 0*h + 0 + 2*h - 3 + i*h**2. What is j(2)?
-3
Let s(v) = 13 + 2*v - 3*v + 2*v - 11. Suppose 3*g + 6 = -12. Give s(g).
-4
Let z = -1 - -8. Suppose t - z = -i, i = -0*t + t - 5. Let m(f) = f**3 - 7*f**2 + 4*f. Calculate m(t).
-12
Let p be -2 + 0/(-6 - -11). Let k(h) = 11*h - 6. Let t = -3 - -9. Let z(r) = 10*r - 5. Let o(d) = t*k(d) - 7*z(d). Give o(p).
7
Let v(u) be the first derivative of -2*u**3/3 - u**2/2 - 7. What is v(-2)?
-6
Let l(j) = -3. Let w(d) = d - 15. Let y(f) = -11*l(f) + 2*w(f). Let u b